5*h, -5*z + 2*h = -75. Suppose -2*s + s = -z. What is the remainder when 38 is divided by s?
12
Let t = 46 + 40. Suppose t - 16 = 5*y. Calculate the remainder when 26 is divided by y.
12
Calculate the remainder when (-3 + (-5)/(-2))*-130 is divided by 33.
32
Suppose 5*r - 3*r = -2*x + 268, -x = 3. Suppose -b = 2*v - 31, -4*b - b = 4*v - r. Calculate the remainder when b is divided by 9.
7
Let b(o) be the first derivative of -o**4/4 - 11*o**3/3 - 13*o**2/2 - 4. What is the remainder when b(-10) is divided by 8?
6
Suppose -u = -5*u + 60. Suppose -5*n + u = -0*n. Calculate the remainder when n is divided by 1.
0
Calculate the remainder when 63 is divided by 130/(-20)*1*-2.
11
Let s = 11 - 3. What is the remainder when 11 + 1 + s/(-4) is divided by 6?
4
Let v(w) = -w**2 + 3*w + 2. Let u be v(3). Let d(h) = -h - 3 + u*h + 5*h. Calculate the remainder when d(4) is divided by 11.
10
Let v be (-52)/(-20) + (-2)/(-5). Suppose v*l = l + 68. What is the remainder when l is divided by 18?
16
Suppose -2*h + 5*n + 204 = 0, -4*h = 3*n + 105 - 487. Calculate the remainder when h is divided by 25.
22
Suppose -4*n + 15 = -3*n - 4*i, -2*n - 18 = 4*i. What is the remainder when 29 is divided by n - -1 - 4*-4?
13
Let a = -10 + 11. What is the remainder when 8 is divided by (a/1)/(4/12)?
2
Suppose -q - 6 = 4*a + a, -4*a + 3*q = 1. Let t = 19 - 8. What is the remainder when (83 + a)*2/4 is divided by t?
8
What is the remainder when 1/2*38/1 is divided by 10?
9
Let s(l) = 5*l + 23. What is the remainder when s(0) is divided by 8?
7
Suppose r + 32 = 2*h, 5*h - 2*r = 2*r + 74. Calculate the remainder when 231 is divided by h.
15
Let r(n) = -1. Let p(o) = 25*o**2 + o - 6. Let d(u) = p(u) - 6*r(u). Let l be d(1). Suppose v = -v + l. Calculate the remainder when v is divided by 7.
6
Suppose 55 = -2*s - 3*s. Let u = -7 - s. What is the remainder when (-1)/((4/(-26))/2) is divided by u?
1
Let m be (-3)/6 - 7/2. Let v(d) = 2*d**2 + 4*d - 4. What is the remainder when 21 is divided by v(m)?
9
Suppose 5*h + 19 = 154. Let p(u) = u**3 + 5*u**2 + 4*u + 2. Let g be p(-4). Suppose -5*a + g*a = -h. What is the remainder when 33 is divided by a?
6
Let o = 0 - 0. Let y(q) = -q. Let u be y(o). Suppose 2*f + u = 4. What is the remainder when f is divided by 1?
0
Suppose 0*t - 3*p + 87 = 5*t, -38 = -2*t - 2*p. Suppose 4*k + 92 - 264 = 0. Calculate the remainder when k is divided by t.
13
Let o = 41 - 27. What is the remainder when 24 is divided by o?
10
Let j(w) = -5*w + 49. Let u = 6 + -2. What is the remainder when j(8) is divided by u?
1
Suppose 5 = -5*r - 3*i - 11, 2*r = i - 13. Let a = 10 + r. Suppose 5*y - a + 0 = 0. Calculate the remainder when 1 is divided by y.
0
Suppose -2*p + 111 = p. Suppose 2*w = 1 + 7. Suppose 52 = w*x - 0*x. Calculate the remainder when p is divided by x.
11
Let u = 27 - 19. What is the remainder when 20 is divided by -2*7/u*-4?
6
Let o = 522 - 367. Suppose -o = -4*j + w, -5*w + 7 = 22. Suppose 13 = 5*v - 3*n - 53, -4*v + j = 5*n. What is the remainder when 22 is divided by v?
10
Suppose -4*v + 54 - 34 = 0. Calculate the remainder when 6 is divided by v.
1
Suppose -26*s = -32*s + 48. What is the remainder when s is divided by 1*-1 + 5 - -1?
3
Let b(w) = 3*w + 5. Let d(g) = -2*g**3 + 3*g**2 - g - 1. Let u be d(2). Let y be (-7)/(u/6) + 2. Calculate the remainder when b(y) is divided by 10.
9
Let i = 2 + -1. What is the remainder when (i - -1)*(-6 - -10) is divided by 5?
3
Let o = 47 - -10. What is the remainder when o is divided by 30?
27
Let u = 5 + 7. Calculate the remainder when 57 is divided by u.
9
Let a = 204 + -115. What is the remainder when a is divided by 46?
43
Suppose -2*z + 46 = -2*r, -r - 5*z = -3*r - 52. Let q = -10 - r. Calculate the remainder when 32 is divided by q.
10
Suppose -3*c = -2*q - 9, 0*c - 10 = -c + 3*q. Suppose -6 = -3*s, 6*s - s = v + 9. What is the remainder when v is divided by c?
0
Suppose 0 = -0*u + 3*u - s + 11, -9 = u + 5*s. Let o(d) = -d**3 + 2*d + 2. Calculate the remainder when o(u) is divided by 15.
13
Suppose -3*t + 104 = 26. Calculate the remainder when 76 is divided by t.
24
What is the remainder when 85 is divided by (48/9 - 4)*66/4?
19
Let y(x) = 13*x**2 - 4. Let n(q) = -27*q**2 - q + 9. Let t(v) = 2*n(v) + 5*y(v). What is the remainder when t(2) is divided by 4/6 - (-37)/3?
12
Suppose -5*y - 3*d = -5 + 19, 0 = -4*y + d - 1. Let p be 1 - (-2)/(2/y). Suppose p*a = 2*a - 22. Calculate the remainder when 32 is divided by a.
10
What is the remainder when 21 is divided by 5/2*4 + (-8)/(-4)?
9
Suppose 2 = -2*x + x, -2*b + 4*x + 92 = 0. Calculate the remainder when b is divided by 11.
9
Suppose 4*c = 3*n - 34, -3*n + 92 = 5*c + 13. Calculate the remainder when 70 is divided by n.
16
Let h(a) = -a**3 - 16*a**2 - 19*a - 26. What is the remainder when 66 is divided by h(-15)?
32
Let g(w) = 2*w**2 - w - 5. What is the remainder when g(-4) is divided by 16?
15
Let j(o) = -o**3 + 6*o**2 + o + 59. Let m = -13 - -24. What is the remainder when j(6) is divided by m?
10
Let n = 0 + 0. Suppose n = -3*h + 38 - 14. Calculate the remainder when 15 is divided by h.
7
Let l = -118 + 137. Calculate the remainder when 168 is divided by l.
16
Suppose -x + 3*r = 15 + 4, 7 = 2*x + 3*r. Let f be (-1)/(-4) + (-3)/x. Let o = f + 5. What is the remainder when 10 is divided by o?
4
Let i = 5 + -8. Let l = i - -8. Let f(v) = v**3 - 3*v**2 - 8*v + 4. What is the remainder when f(l) is divided by 8?
6
Suppose -5*x + 10 = 0, 2*x - 154 = -3*z - 0*x. What is the remainder when z is divided by 13?
11
Suppose -10 + 23 = g. Calculate the remainder when 51 is divided by g.
12
Let x = 24 - 13. Calculate the remainder when 31 is divided by x.
9
Suppose 2*v + 6 = -0*v. Let r(d) = -8*d - 2. Let h be r(v). Suppose 3*c + 2 = -2*w, 0 = -c + 2*c - 5*w - h. What is the remainder when 2 is divided by c?
0
Suppose 3*l - 2*b = -77, -2*b = l - 2*l - 19. Let f = -18 - l. Calculate the remainder when 32 is divided by f.
10
Let x(z) = -4*z + 1. Calculate the remainder when x(-5) is divided by 11.
10
Suppose 2*c - 11 = 1. Suppose -3*h = -c*h + 60. What is the remainder when h is divided by 12?
8
Let w(k) = 3*k - 5. Let g be (-86)/(-18) + (-8)/(-36). Calculate the remainder when w(g) is divided by (-10)/(-4) + 3/2.
2
Let w(h) = -h**2 + 19*h - 2. Suppose 2*b = -3*b + 80. What is the remainder when w(16) is divided by b?
14
Suppose -5*n - r + 34 = 0, -4*r = -3*n - 9*r + 38. Suppose 3*u - 106 = u. Let m = u + -37. What is the remainder when m is divided by n?
4
Let n(h) = -h**3 - h**2 - 2*h. Let z be n(-2). Suppose -z - 7 = 5*s. What is the remainder when 22 is divided by (s + 2)/(2/(-16))?
6
Let t(m) = -m**2 - 5*m. Calculate the remainder when 11 is divided by t(-4).
3
Let u be (-4)/3 - 1/(-3). Let g(i) = -16*i + 1. What is the remainder when g(u) is divided by (-3)/5*(-13 - 2)?
8
Let w(c) = c**3 - 2*c**2 - 2*c + 3. Let n(b) = b**3 - 3*b**2 - 8*b + 4. What is the remainder when w(4) is divided by n(5)?
13
Let g(q) = -q**3 - 3*q**2 - 2*q - 4. Calculate the remainder when 7 is divided by g(-3).
1
Suppose -3*j + 7 = -2*j. Suppose j*b = 10*b - 30. Calculate the remainder when b is divided by 3.
1
Let t = 5 - 12. Let y = t + 9. What is the remainder when 4 is divided by y?
0
Let j = 13 + -4. Calculate the remainder when 92/8*2 + 3 is divided by j.
8
Let h(r) = -2*r - 12. Let y be h(-8). Suppose m + 5*a = -4, 2*m - 6 - 10 = -y*a. Calculate the remainder when m is divided by -1 - (-9 - 2/(-1)).
4
Let z(y) = -y + 12. Let u be z(10). Suppose 5*l = 5*c - 115, -4 = u*l + 4. Calculate the remainder when 37 is divided by c.
18
Let x = 9 - -5. Suppose x = 4*a - 70. Calculate the remainder when a is divided by 6.
3
Let o(y) = -y**3 - 9*y**2 - 9*y + 10. Calculate the remainder when 69 is divided by o(-8).
15
Let a = 1 + 32. Suppose -z + 9 = -4*c, 0 = -0*z + z + 4*c - a. What is the remainder when z is divided by 12?
9
Let u(t) be the second derivative of -5*t**3/2 - t**2/2 - 3*t. Let z be u(-2). Let s = z + -13. What is the remainder when 62 is divided by s?
14
Suppose 3*k - 30 = -2*k. Let m(h) = -h**3 + 6*h**2 - 4*h - 5. Let t be m(5). Suppose t*u + u - 10 = 0. What is the remainder when u is divided by k?
4
Let y(t) = 4*t**3 - 2*t**2 - 3*t + 2. Let r be y(2). Let a = r - -1. Suppose 